{"id":412,"date":"2019-03-11T12:04:14","date_gmt":"2019-03-11T12:04:14","guid":{"rendered":"http:\/\/www.webmit.eu\/siticlienti\/vetreriarodi\/wordpress\/?page_id=412"},"modified":"2021-10-25T14:31:12","modified_gmt":"2021-10-25T14:31:12","slug":"privacy-policy","status":"publish","type":"page","link":"https:\/\/www.vetreriarodi.it\/index.php\/privacy-policy\/","title":{"rendered":"Privacy policy"},"content":{"rendered":"<p><b>INFORMATIVA AI SENSI E PER GLI EFFETTI DELL\u2019ART. 13 DEL D.LGS. 30.06.2003, N.196 \u201cCODICE IN MATERIA DI PROTEZIONE DEI DATI PERSONALI\u201d E DEL REGOLAMENTO GENERALE EUROPEO SULLA PROTEZIONE DEI DATI (GDPR, GENERAL DATA PROTECTION REGULATION- REGOLAMENTO UE 2016\/679). <\/b><\/p>\n<article class=\"post-entry post-entry-type-page post-entry-599\">\n<div class=\"entry-content-wrapper clearfix\">\n<div class=\"entry-content\">\n<p><b>1. PREMESSA<\/b><br \/>\nIn adempimento agli obblighi di cui all\u2019art. 13 del D.Lgs. 30.6.2003, n. 196 (d\u2019ora in poi \u201cDecreto\u201d) e del regolamento europeo 2016\/679 (d\u2019ora in poi \u201cGDPR\u201d), si rende la presente informativa per tutti coloro che interagiscono con i servizi web di <b>VETRERIA RODI <\/b>accessibili per via telematica, a partire dall\u2019indirizzo<strong> www.vetrariarodi.it<\/strong>, di propriet\u00e0 di <b>VETRERIA RODI<\/b>, via Rodi 16\/canc &#8211; 16145 Genova<\/p>\n<p><b>2. ALTRI SITI WEB EVENTUALMENTE CONSULTATI DALL\u2019UTENTE TRAMITE LINK<\/b><br \/>\nSulle pagine web del sito indicare <strong>www.vetrariarodi.it<\/strong>, si possono trovare collegamenti ipertestuali (link) con altri siti web, proposti per fornire un migliore servizio ai propri utenti; la Societ\u00e0 <b>VETRERIA RODI<\/b> non pu\u00f2 essere ritenuta in alcun modo responsabile del contenuto dei siti web ai quali gli utenti dovessero eventualmente accedere tramite il proprio sito. L\u2019esistenza di un link verso un altro sito non implica, quindi, approvazione o accettazione di responsabilit\u00e0 da parte della \u00a0<b>VETRERIA RODI<\/b> circa il contenuto del nuovo sito cui si accede, anche in relazione alla politica adottata per il trattamento dei dati personali nonch\u00e9 al suo utilizzo.<\/p>\n<p><b>3. TIPOLOGIA DEI DATI TRATTATI E FINALIT\u00c0 TRATTAMENTO<\/b><br \/>\n<b>3.1 Dati di navigazione <\/b><br \/>\nI sistemi informatici e le procedure software preposte al funzionamento del sito web <strong>www.vetrariarodi.it<\/strong> acquisiscono, durante il loro normale esercizio, alcuni dati la cui trasmissione \u00e8 implicita nell\u2019uso di protocolli di comunicazione Internet. Nessun dato personale viene acquisito dal sito se non consapevolmente fornito dall\u2019utente. Non viene infatti fatto uso di software per la trasmissione di informazioni di carattere personale, sebbene vengano utilizzati software (cookie) per monitorare, in modo aggregato e non atto a ricondurre all\u2019identit\u00e0 del visitatore, le abitudini di navigazione dei nostri clienti al fine di migliorare il servizio offerto e rendere la navigazione sul sito pi\u00f9 sicura ed efficiente.<br \/>\n<b>3.2 Cookie<\/b><br \/>\nI cookie sono caratterizzati in genere come file di testo contenenti piccole quantit\u00e0 di informazioni che vengono scaricate nel dispositivo dell\u2019utente, solo se questo \u00e8 abilitato, che visita i siti di <b>VETRERIA RODI<\/b>. I Cookie utilizzati aiutano la navigazione dell\u2019utente all\u2019interno dei siti e ricordano le scelte effettuate durante le sessioni evitando il ricorso ad altre tecniche informatiche potenzialmente pregiudizievoli per la riservatezza della navigazione degli utenti. Molti browser web accettano automaticamente i cookies; tuttavia, se si desidera, \u00e8 possibile impostare il browser in modo da non accettarli. In tal caso la navigazione del sito potrebbe non essere completa, principalmente a causa della mancata installazione dei cookie tecnici: questo tipo di cookie consente all\u2019utente la corretta navigazione nei siti e l\u2019utilizzo di funzioni particolari quali ad esempio l\u2019accesso, dove previsto, ad aree sicure dei siti. Senza questi cookie non sar\u00e0 sempre possibile fornire servizi di autenticazione o di corretto funzionamento dei siti internet.<br \/>\n<b>3.3 Dati forniti volontariamente dall\u2019utente<\/b><br \/>\nL\u2019invio facoltativo, esplicito e volontario, di comunicazioni tramite servizio postale, fax, telefono, posta elettronica o l\u2019utilizzo di form presenti sul sito <strong>www.vetreriarodi.it<\/strong>, comporta la successiva acquisizione dell\u2019indirizzo del mittente, necessario per rispondere alle richieste, nonch\u00e9 degli eventuali altri dati personali inseriti nella missiva o nella comunicazione o nel menu in questione. Tali dati saranno trattati in conformit\u00e0 al Decreto ed in base alle finalit\u00e0 per le quali sono stati comunicati. Il conferimento dei dati personali forniti volontariamente \u00e8 facoltativo, ma la mancata raccolta determina l\u2019impossibilit\u00e0 per la Societ\u00e0 <b>VETRERIA RODI<\/b> di erogare il servizio richiesto e\/o di inoltrare al sito le informazioni o le richieste.<\/p>\n<p><b>4. MODALIT\u00c0 DEL TRATTAMENTO \u2013 MISURE DI SICUREZZA<\/b><br \/>\nA seguito della consultazione del sito <strong>www.vetreriarodi.it<\/strong> possono essere trattati dati relativi a persone identificate o identificabili. I dati personali sono trattati con strumenti elettronici e\/o supporti cartacei, secondo i principi di correttezza, di liceit\u00e0, di trasparenza, di riservatezza e nel rispetto di quanto previsto dal Decreto nonch\u00e9 in conformit\u00e0 ad ogni ulteriore disposizione del Decreto e di ogni altra normativa vigente in materia, compreso il regolamento europeo su data protection (GDPR). I dati personali sono trattati per il tempo strettamente necessario a conseguire gli scopi per cui sono stati raccolti. Al fine di prevenire la perdita o la distruzione, anche accidentale, dei dati, o usi illeciti, o usi non corretti o accessi non autorizzati, sono osservate ed adottate specifiche misure di sicurezza di natura tecnica e organizzativa prescritte dalla normativa vigente in materia.<\/p>\n<p><b>5. TITOLARE, RESPONSABILI ED INCARICATI DEL TRATTAMENTO DEI DATI<\/b><br \/>\nTitolare del Trattamento dei dati di navigazione \u00e8 <b>VETRERIA RODI<\/b>, via Rodi 16\/canc &#8211; 16145 Genova \u2013 Italy. Titolare del Trattamento dei dati forniti volontariamente dagli utenti \u00e8<strong> <b>VETRERIA RODI<\/b><\/strong> che effettua la prestazione richiesta. L\u2019elenco dei soggetti Responsabili del Trattamento e\/o Incaricati del Trattamento pu\u00f2 essere richiesto al seguente indirizzo e-mail: <strong><em>info@vetreriarodi.it<\/em><\/strong><\/p>\n<p><b>6. COMUNICAZIONE E DIFFUSIONE DEI DATI<\/b><br \/>\nI dati personali raccolti possono essere comunicati a soggetti terzi incaricati dell\u2019esecuzione di attivit\u00e0 connesse e strumentali al trattamento degli stessi e alle Autorit\u00e0 competenti in assolvimento di obblighi di Legge. Il Garante per la Protezione dei Dati Personali potr\u00e0 richiedere di fornire informazioni e di esibire documenti, con il conseguente obbligo di risposta.<\/p>\n<p><b>7. LUOGO DEL TRATTAMENTO DEI DATI<\/b><br \/>\nIl trattamento dei dati personali raccolti avviene presso la sede di <strong><b>VETRERIA RODI<\/b><\/strong>, via Rodi 16\/canc &#8211; 16145 Genova \u2013 Italy, e\/o presso le relative Unit\u00e0 Locali, come risultati dalla relativa Visura del Registro Imprese, C.C.I.A.A. di Genova, nonch\u00e9 presso i luoghi di cui alla documentazione depositata agli atti della societ\u00e0. Il trattamento dei dati personali raccolti avviene anche presso i luoghi di cui alla documentazione depositata agli atti della societ\u00e0 <b>VETRERIA RODI<\/b>, che effettuano la prestazione richiesta o che vengano eventualmente a conoscenza di tali dati nello svolgimento delle attivit\u00e0 eseguite per conto del Titolare.<\/p>\n<p><b>8. DATI PERSONALI DEL MINORE<\/b><br \/>\nSi comunica che la Societ\u00e0 <b>VETRERIA RODI<\/b> non compie alcuna operazione di trattamento dei dati personali dei soggetti minori. Si invitano, quindi, coloro che non abbiano ancora compiuto 18 anni a non comunicare in nessun caso i propri dati personali. La Societ\u00e0 <b>VETRERIA RODI<\/b> si riserva il diritto di inibire l\u2019accesso ai servizi e non garantisce il buon fine delle attivit\u00e0\/servizi richiesti per chiunque abbia celato la propria minore et\u00e0.<\/p>\n<p><b>9. DIRITTI DELL\u2019INTERESSATO<\/b><br \/>\nI soggetti cui si riferiscono i dati personali hanno il diritto, in qualunque momento, di ottenere la conferma dell\u2019esistenza o meno dei medesimi dati e di conoscerne il contenuto e l\u2019origine, verificarne l\u2019esattezza o chiederne l\u2019aggiornamento, la rettificazione ovvero, quando vi ha interesse, l\u2019integrazione. I soggetti cui si riferiscono i dati personali hanno il diritto, in qualunque momento, di chiederne la cancellazione, la trasformazione in forma anonima o il blocco dei dati trattati in violazione di legge, compresi quelli di cui non \u00e8 necessaria la conservazione in relazione agli scopi per i quali i dati sono raccolti o successivamente trattati, nonch\u00e9 di opporsi, in tutto o in parte, per motivi legittimi al loro trattamento. Le richieste vanno rivolte al Titolare del Trattamento, scrivendo all\u2019indirizzo: <em><strong>info@vetreriarodi.it<\/strong><\/em><\/p>\n<p><b>10. COMUNICAZIONI<\/b><br \/>\nPer ogni comunicazione inerente ai termini e alle condizioni d\u2019uso e per segnalare ogni violazione del sito <strong>www.<em>vetreriarodi<\/em>.it<\/strong>, chiunque pu\u00f2 scrivere a <em><strong>info@vetreriarodi.it<\/strong><\/em><\/p>\n<\/div>\n<\/div>\n<\/article>\n<p>&nbsp;<\/p>\n","protected":false},"excerpt":{"rendered":"<p>INFORMATIVA AI SENSI E PER GLI EFFETTI DELL\u2019ART. 13 DEL D.LGS. 30.06.2003, N.196 \u201cCODICE IN MATERIA DI PROTEZIONE DEI DATI PERSONALI\u201d E DEL REGOLAMENTO GENERALE EUROPEO SULLA PROTEZIONE DEI DATI (GDPR, GENERAL DATA PROTECTION REGULATION- REGOLAMENTO UE 2016\/679). 1. PREMESSA In adempimento agli obblighi di cui all\u2019art. 13 del D.Lgs. 30.6.2003, n. 196 (d\u2019ora in [&hellip;]<\/p>\n","protected":false},"author":1,"featured_media":0,"parent":0,"menu_order":0,"comment_status":"closed","ping_status":"closed","template":"","meta":{"site-sidebar-layout":"default","site-content-layout":"","ast-site-content-layout":"default","site-content-style":"default","site-sidebar-style":"default","ast-global-header-display":"","ast-banner-title-visibility":"","ast-main-header-display":"","ast-hfb-above-header-display":"","ast-hfb-below-header-display":"","ast-hfb-mobile-header-display":"","site-post-title":"","ast-breadcrumbs-content":"","ast-featured-img":"","footer-sml-layout":"","ast-disable-related-posts":"","theme-transparent-header-meta":"","adv-header-id-meta":"","stick-header-meta":"","header-above-stick-meta":"","header-main-stick-meta":"","header-below-stick-meta":"","astra-migrate-meta-layouts":"default","ast-page-background-enabled":"default","ast-page-background-meta":{"desktop":{"background-color":"var(--ast-global-color-4)","background-image":"","background-repeat":"repeat","background-position":"center center","background-size":"auto","background-attachment":"scroll","background-type":"","background-media":"","overlay-type":"","overlay-color":"","overlay-opacity":"","overlay-gradient":""},"tablet":{"background-color":"","background-image":"","background-repeat":"repeat","background-position":"center center","background-size":"auto","background-attachment":"scroll","background-type":"","background-media":"","overlay-type":"","overlay-color":"","overlay-opacity":"","overlay-gradient":""},"mobile":{"background-color":"","background-image":"","background-repeat":"repeat","background-position":"center center","background-size":"auto","background-attachment":"scroll","background-type":"","background-media":"","overlay-type":"","overlay-color":"","overlay-opacity":"","overlay-gradient":""}},"ast-content-background-meta":{"desktop":{"background-color":"var(--ast-global-color-5)","background-image":"","background-repeat":"repeat","background-position":"center center","background-size":"auto","background-attachment":"scroll","background-type":"","background-media":"","overlay-type":"","overlay-color":"","overlay-opacity":"","overlay-gradient":""},"tablet":{"background-color":"var(--ast-global-color-5)","background-image":"","background-repeat":"repeat","background-position":"center center","background-size":"auto","background-attachment":"scroll","background-type":"","background-media":"","overlay-type":"","overlay-color":"","overlay-opacity":"","overlay-gradient":""},"mobile":{"background-color":"var(--ast-global-color-5)","background-image":"","background-repeat":"repeat","background-position":"center center","background-size":"auto","background-attachment":"scroll","background-type":"","background-media":"","overlay-type":"","overlay-color":"","overlay-opacity":"","overlay-gradient":""}},"footnotes":""},"class_list":["post-412","page","type-page","status-publish","hentry"],"yoast_head":"<!-- This site is optimized with the Yoast SEO plugin v27.3 - https:\/\/yoast.com\/product\/yoast-seo-wordpress\/ -->\n<title>Privacy policy - Vetreria Rodi Genova<\/title>\n<meta name=\"robots\" content=\"index, follow, max-snippet:-1, max-image-preview:large, max-video-preview:-1\" \/>\n<link rel=\"canonical\" href=\"https:\/\/www.vetreriarodi.it\/index.php\/privacy-policy\/\" \/>\n<meta property=\"og:locale\" content=\"it_IT\" \/>\n<meta property=\"og:type\" content=\"article\" \/>\n<meta property=\"og:title\" content=\"Privacy policy - Vetreria Rodi Genova\" \/>\n<meta property=\"og:description\" content=\"INFORMATIVA AI SENSI E PER GLI EFFETTI DELL\u2019ART. 13 DEL D.LGS. 30.06.2003, N.196 \u201cCODICE IN MATERIA DI PROTEZIONE DEI DATI PERSONALI\u201d E DEL REGOLAMENTO GENERALE EUROPEO SULLA PROTEZIONE DEI DATI (GDPR, GENERAL DATA PROTECTION REGULATION- REGOLAMENTO UE 2016\/679). 1. PREMESSA In adempimento agli obblighi di cui all\u2019art. 13 del D.Lgs. 30.6.2003, n. 196 (d\u2019ora in [&hellip;]\" \/>\n<meta property=\"og:url\" content=\"https:\/\/www.vetreriarodi.it\/index.php\/privacy-policy\/\" \/>\n<meta property=\"og:site_name\" content=\"Vetreria Rodi Genova\" \/>\n<meta property=\"article:modified_time\" content=\"2021-10-25T14:31:12+00:00\" \/>\n<meta name=\"twitter:card\" content=\"summary_large_image\" \/>\n<meta name=\"twitter:label1\" content=\"Tempo di lettura stimato\" \/>\n\t<meta name=\"twitter:data1\" content=\"6 minuti\" \/>\n<script type=\"application\/ld+json\" class=\"yoast-schema-graph\">{\"@context\":\"https:\\\/\\\/schema.org\",\"@graph\":[{\"@type\":\"WebPage\",\"@id\":\"https:\\\/\\\/www.vetreriarodi.it\\\/index.php\\\/privacy-policy\\\/\",\"url\":\"https:\\\/\\\/www.vetreriarodi.it\\\/index.php\\\/privacy-policy\\\/\",\"name\":\"Privacy policy - Vetreria Rodi Genova\",\"isPartOf\":{\"@id\":\"https:\\\/\\\/www.vetreriarodi.it\\\/#website\"},\"datePublished\":\"2019-03-11T12:04:14+00:00\",\"dateModified\":\"2021-10-25T14:31:12+00:00\",\"breadcrumb\":{\"@id\":\"https:\\\/\\\/www.vetreriarodi.it\\\/index.php\\\/privacy-policy\\\/#breadcrumb\"},\"inLanguage\":\"it-IT\",\"potentialAction\":[{\"@type\":\"ReadAction\",\"target\":[\"https:\\\/\\\/www.vetreriarodi.it\\\/index.php\\\/privacy-policy\\\/\"]}]},{\"@type\":\"BreadcrumbList\",\"@id\":\"https:\\\/\\\/www.vetreriarodi.it\\\/index.php\\\/privacy-policy\\\/#breadcrumb\",\"itemListElement\":[{\"@type\":\"ListItem\",\"position\":1,\"name\":\"Home\",\"item\":\"https:\\\/\\\/www.vetreriarodi.it\\\/\"},{\"@type\":\"ListItem\",\"position\":2,\"name\":\"Privacy policy\"}]},{\"@type\":\"WebSite\",\"@id\":\"https:\\\/\\\/www.vetreriarodi.it\\\/#website\",\"url\":\"https:\\\/\\\/www.vetreriarodi.it\\\/\",\"name\":\"Vetreria Rodi Genova\",\"description\":\"Vetri e specchi su misura\",\"publisher\":{\"@id\":\"https:\\\/\\\/www.vetreriarodi.it\\\/#organization\"},\"potentialAction\":[{\"@type\":\"SearchAction\",\"target\":{\"@type\":\"EntryPoint\",\"urlTemplate\":\"https:\\\/\\\/www.vetreriarodi.it\\\/?s={search_term_string}\"},\"query-input\":{\"@type\":\"PropertyValueSpecification\",\"valueRequired\":true,\"valueName\":\"search_term_string\"}}],\"inLanguage\":\"it-IT\"},{\"@type\":\"Organization\",\"@id\":\"https:\\\/\\\/www.vetreriarodi.it\\\/#organization\",\"name\":\"Vetreria Rodi Genova\",\"url\":\"https:\\\/\\\/www.vetreriarodi.it\\\/\",\"logo\":{\"@type\":\"ImageObject\",\"inLanguage\":\"it-IT\",\"@id\":\"https:\\\/\\\/www.vetreriarodi.it\\\/#\\\/schema\\\/logo\\\/image\\\/\",\"url\":\"https:\\\/\\\/www.vetreriarodi.it\\\/wp-content\\\/uploads\\\/2021\\\/11\\\/cropped-vetreriarodi-logo.png\",\"contentUrl\":\"https:\\\/\\\/www.vetreriarodi.it\\\/wp-content\\\/uploads\\\/2021\\\/11\\\/cropped-vetreriarodi-logo.png\",\"width\":340,\"height\":156,\"caption\":\"Vetreria Rodi Genova\"},\"image\":{\"@id\":\"https:\\\/\\\/www.vetreriarodi.it\\\/#\\\/schema\\\/logo\\\/image\\\/\"}}]}<\/script>\n<!-- \/ Yoast SEO plugin. -->","yoast_head_json":{"title":"Privacy policy - Vetreria Rodi Genova","robots":{"index":"index","follow":"follow","max-snippet":"max-snippet:-1","max-image-preview":"max-image-preview:large","max-video-preview":"max-video-preview:-1"},"canonical":"https:\/\/www.vetreriarodi.it\/index.php\/privacy-policy\/","og_locale":"it_IT","og_type":"article","og_title":"Privacy policy - Vetreria Rodi Genova","og_description":"INFORMATIVA AI SENSI E PER GLI EFFETTI DELL\u2019ART. 13 DEL D.LGS. 30.06.2003, N.196 \u201cCODICE IN MATERIA DI PROTEZIONE DEI DATI PERSONALI\u201d E DEL REGOLAMENTO GENERALE EUROPEO SULLA PROTEZIONE DEI DATI (GDPR, GENERAL DATA PROTECTION REGULATION- REGOLAMENTO UE 2016\/679). 1. PREMESSA In adempimento agli obblighi di cui all\u2019art. 13 del D.Lgs. 30.6.2003, n. 196 (d\u2019ora in [&hellip;]","og_url":"https:\/\/www.vetreriarodi.it\/index.php\/privacy-policy\/","og_site_name":"Vetreria Rodi Genova","article_modified_time":"2021-10-25T14:31:12+00:00","twitter_card":"summary_large_image","twitter_misc":{"Tempo di lettura stimato":"6 minuti"},"schema":{"@context":"https:\/\/schema.org","@graph":[{"@type":"WebPage","@id":"https:\/\/www.vetreriarodi.it\/index.php\/privacy-policy\/","url":"https:\/\/www.vetreriarodi.it\/index.php\/privacy-policy\/","name":"Privacy policy - Vetreria Rodi Genova","isPartOf":{"@id":"https:\/\/www.vetreriarodi.it\/#website"},"datePublished":"2019-03-11T12:04:14+00:00","dateModified":"2021-10-25T14:31:12+00:00","breadcrumb":{"@id":"https:\/\/www.vetreriarodi.it\/index.php\/privacy-policy\/#breadcrumb"},"inLanguage":"it-IT","potentialAction":[{"@type":"ReadAction","target":["https:\/\/www.vetreriarodi.it\/index.php\/privacy-policy\/"]}]},{"@type":"BreadcrumbList","@id":"https:\/\/www.vetreriarodi.it\/index.php\/privacy-policy\/#breadcrumb","itemListElement":[{"@type":"ListItem","position":1,"name":"Home","item":"https:\/\/www.vetreriarodi.it\/"},{"@type":"ListItem","position":2,"name":"Privacy policy"}]},{"@type":"WebSite","@id":"https:\/\/www.vetreriarodi.it\/#website","url":"https:\/\/www.vetreriarodi.it\/","name":"Vetreria Rodi Genova","description":"Vetri e specchi su misura","publisher":{"@id":"https:\/\/www.vetreriarodi.it\/#organization"},"potentialAction":[{"@type":"SearchAction","target":{"@type":"EntryPoint","urlTemplate":"https:\/\/www.vetreriarodi.it\/?s={search_term_string}"},"query-input":{"@type":"PropertyValueSpecification","valueRequired":true,"valueName":"search_term_string"}}],"inLanguage":"it-IT"},{"@type":"Organization","@id":"https:\/\/www.vetreriarodi.it\/#organization","name":"Vetreria Rodi Genova","url":"https:\/\/www.vetreriarodi.it\/","logo":{"@type":"ImageObject","inLanguage":"it-IT","@id":"https:\/\/www.vetreriarodi.it\/#\/schema\/logo\/image\/","url":"https:\/\/www.vetreriarodi.it\/wp-content\/uploads\/2021\/11\/cropped-vetreriarodi-logo.png","contentUrl":"https:\/\/www.vetreriarodi.it\/wp-content\/uploads\/2021\/11\/cropped-vetreriarodi-logo.png","width":340,"height":156,"caption":"Vetreria Rodi Genova"},"image":{"@id":"https:\/\/www.vetreriarodi.it\/#\/schema\/logo\/image\/"}}]}},"_links":{"self":[{"href":"https:\/\/www.vetreriarodi.it\/index.php\/wp-json\/wp\/v2\/pages\/412","targetHints":{"allow":["GET"]}}],"collection":[{"href":"https:\/\/www.vetreriarodi.it\/index.php\/wp-json\/wp\/v2\/pages"}],"about":[{"href":"https:\/\/www.vetreriarodi.it\/index.php\/wp-json\/wp\/v2\/types\/page"}],"author":[{"embeddable":true,"href":"https:\/\/www.vetreriarodi.it\/index.php\/wp-json\/wp\/v2\/users\/1"}],"replies":[{"embeddable":true,"href":"https:\/\/www.vetreriarodi.it\/index.php\/wp-json\/wp\/v2\/comments?post=412"}],"version-history":[{"count":0,"href":"https:\/\/www.vetreriarodi.it\/index.php\/wp-json\/wp\/v2\/pages\/412\/revisions"}],"wp:attachment":[{"href":"https:\/\/www.vetreriarodi.it\/index.php\/wp-json\/wp\/v2\/media?parent=412"}],"curies":[{"name":"wp","href":"https:\/\/api.w.org\/{rel}","templated":true}]}}